{"id":3472,"date":"2016-07-19T14:04:11","date_gmt":"2016-07-19T12:04:11","guid":{"rendered":"http:\/\/registreac.org\/?page_id=3472"},"modified":"2018-05-15T12:43:24","modified_gmt":"2018-05-15T10:43:24","slug":"chaine-de-survie","status":"publish","type":"page","link":"https:\/\/registreac.org\/?page_id=3472","title":{"rendered":"La cha\u00eene de survie"},"content":{"rendered":"<p style=\"text-align: justify;\">La cha\u00eene de survie est un ensemble d&#8217;encha\u00eenement \u00e0 mettre en \u0153uvre imm\u00e9diatement apr\u00e8s la survenue d&#8217;<a href=\"http:\/\/registreac.org\/?page_id=3491\">un arr\u00eat cardiaque<\/a>. En effet apr\u00e8s un arr\u00eat cardiaque, chaque minute compte, et la mise en place le plus t\u00f4t possible de cette suite de gestes le plus rapidement possible permet d&#8217;augmenter au maximum les chances de survie de la victime.<\/p>\n<p>Cette cha\u00eene de survie se d\u00e9compose en 4 parties :<\/p>\n<table>\n<tbody>\n<tr>\n<td width=\"70\"><img decoding=\"async\" loading=\"lazy\" class=\"alignleft size-full wp-image-3473\" src=\"http:\/\/registreac.org\/wp-content\/uploads\/2016\/07\/alerte_immediate.png\" alt=\"alerte immediate\" width=\"68\" height=\"70\" \/><\/td>\n<td>\n<h2>1.Alerte imm\u00e9diate<\/h2>\n<ul>\n<ul>\n<li>apr\u00e8s avoir constat\u00e9 un arr\u00eat cardiaque (absence de conscience et de respiration normale)<\/li>\n<li>\u00e0 partir d&#8217;un t\u00e9l\u00e9phone fixe ou portable, appelez imm\u00e9diatement le 15 (SAMU) et suivez les instructions qui vous serons donn\u00e9es<\/li>\n<\/ul>\n<\/ul>\n<p><img decoding=\"async\" loading=\"lazy\" class=\"alignleft size-full wp-image-3474\" src=\"http:\/\/registreac.org\/wp-content\/uploads\/2016\/07\/alerte_immediate_15.png\" alt=\"alerte imm\u00e9diate\" width=\"313\" height=\"387\" srcset=\"https:\/\/registreac.org\/wp-content\/uploads\/2016\/07\/alerte_immediate_15.png 313w, https:\/\/registreac.org\/wp-content\/uploads\/2016\/07\/alerte_immediate_15-243x300.png 243w\" sizes=\"(max-width: 313px) 100vw, 313px\" \/><\/td>\n<\/tr>\n<tr>\n<td width=\"70\"><img decoding=\"async\" loading=\"lazy\" class=\"alignleft size-full wp-image-3476\" src=\"http:\/\/registreac.org\/wp-content\/uploads\/2016\/07\/massage_cardiaque.png\" alt=\"massage cardiaque\" width=\"68\" height=\"70\" \/><\/td>\n<td>\n<h2>2.Massage cardiaque<\/h2>\n<ul>\n<li>allongez la victime sur le dos<\/li>\n<li>placez vous \u00e0 c\u00f4t\u00e9 d&#8217;elle, les 2 mains sur sa poitrine<\/li>\n<li>pratiquez un massage cardiaque (pour plus de d\u00e9tails, rendez-vous sur <a href=\"http:\/\/www.fedecardio.org\/1vie3gestes\/les-gestes\/r%C3%A9aliser-le-massage-cardiaque\" target=\"_blank\">le site de F\u00e9d\u00e9ration Fran\u00e7aise de Cardiologie<\/a>)<\/li>\n<\/ul>\n<p><div id=\"attachment_3478\" style=\"width: 307px\" class=\"wp-caption alignleft\"><img aria-describedby=\"caption-attachment-3478\" decoding=\"async\" loading=\"lazy\" class=\"size-full wp-image-3478\" src=\"http:\/\/registreac.org\/wp-content\/uploads\/2016\/07\/massage_cardiaque_en_details.png\" alt=\"Massage cardiaque (F\u00e9d\u00e9ration Fran\u00e7aise de Cardiologie)\" width=\"297\" height=\"317\" srcset=\"https:\/\/registreac.org\/wp-content\/uploads\/2016\/07\/massage_cardiaque_en_details.png 297w, https:\/\/registreac.org\/wp-content\/uploads\/2016\/07\/massage_cardiaque_en_details-281x300.png 281w\" sizes=\"(max-width: 297px) 100vw, 297px\" \/><p id=\"caption-attachment-3478\" class=\"wp-caption-text\">Massage cardiaque (F\u00e9d\u00e9ration Fran\u00e7aise de Cardiologie)<\/p><\/div><\/td>\n<\/tr>\n<tr>\n<td width=\"70\"><img decoding=\"async\" loading=\"lazy\" class=\"alignleft size-full wp-image-3475\" src=\"http:\/\/registreac.org\/wp-content\/uploads\/2016\/07\/defibrillation_precoce.png\" alt=\"d\u00e9fibrillation pr\u00e9coce\" width=\"68\" height=\"70\" \/><\/td>\n<td>\n<h2>3.D\u00e9fibrillation pr\u00e9coce<\/h2>\n<ul>\n<li>\n<h4><span style=\"color: #ff0000;\">&#8220;N&#8217;arr\u00eatez surtout pas le massage cardiaque pour aller chercher un d\u00e9fibrillateur&#8221;<\/span><\/h4>\n<\/li>\n<li>si vous n&#8217;\u00eates pas seul (et seulement dans ce cas l\u00e0), demandez \u00e0 une personne autour de vous d&#8217;aller chercher un d\u00e9fibrillateur (de nombreux d\u00e9fibrillateur sont pr\u00e9sents dans des mairies, salles de sport, pharmacies, centres commerciaux etc&#8230;)\n<ul>\n<li>une fois le d\u00e9fibrillateur pr\u00e9sent, demandez \u00e0 quelqu&#8217;un de l&#8217;allumer et suivez ses instructions<\/li>\n<\/ul>\n<\/li>\n<\/ul>\n<p><div id=\"attachment_3480\" style=\"width: 391px\" class=\"wp-caption alignleft\"><img aria-describedby=\"caption-attachment-3480\" decoding=\"async\" loading=\"lazy\" class=\"size-full wp-image-3480\" src=\"http:\/\/registreac.org\/wp-content\/uploads\/2016\/07\/pasted-image-25.png\" alt=\"D\u00e9fibrillation (F\u00e9d\u00e9ration Fran\u00e7aise de Cardiologie)\" width=\"381\" height=\"350\" srcset=\"https:\/\/registreac.org\/wp-content\/uploads\/2016\/07\/pasted-image-25.png 381w, https:\/\/registreac.org\/wp-content\/uploads\/2016\/07\/pasted-image-25-300x276.png 300w\" sizes=\"(max-width: 381px) 100vw, 381px\" \/><p id=\"caption-attachment-3480\" class=\"wp-caption-text\">D\u00e9fibrillation (F\u00e9d\u00e9ration Fran\u00e7aise de Cardiologie)<\/p><\/div><\/td>\n<\/tr>\n<tr>\n<td width=\"70\"><img decoding=\"async\" loading=\"lazy\" class=\"alignleft size-full wp-image-3481\" src=\"http:\/\/registreac.org\/wp-content\/uploads\/2016\/07\/soins_specialises.png\" alt=\"soins_specialises\" width=\"68\" height=\"70\" \/><\/td>\n<td>\n<h2>4.Soins sp\u00e9cialis\u00e9s<\/h2>\n<ul>\n<li>continuez le massage cardiaque jusqu&#8217;\u00e0 :\n<ul>\n<li>la reprise de la respiration de la victime<\/li>\n<li>ou l&#8217;arriv\u00e9e des secours<\/li>\n<\/ul>\n<\/li>\n<\/ul>\n<\/td>\n<\/tr>\n<\/tbody>\n<\/table>\n<div id=\"attachment_3510\" style=\"width: 337px\" class=\"wp-caption aligncenter\"><img aria-describedby=\"caption-attachment-3510\" decoding=\"async\" loading=\"lazy\" class=\"size-full wp-image-3510\" src=\"http:\/\/registreac.org\/wp-content\/uploads\/2016\/07\/chaine_survie_reac.jpg\" alt=\"La cha\u00eene de survie (R\u00e9AC)\" width=\"327\" height=\"182\" srcset=\"https:\/\/registreac.org\/wp-content\/uploads\/2016\/07\/chaine_survie_reac.jpg 327w, https:\/\/registreac.org\/wp-content\/uploads\/2016\/07\/chaine_survie_reac-300x167.jpg 300w\" sizes=\"(max-width: 327px) 100vw, 327px\" \/><p id=\"caption-attachment-3510\" class=\"wp-caption-text\">La cha\u00eene de survie (R\u00e9AC)<\/p><\/div>\n","protected":false},"excerpt":{"rendered":"<p>La cha\u00eene de survie est un ensemble d&#8217;encha\u00eenement \u00e0 mettre en \u0153uvre imm\u00e9diatement apr\u00e8s la survenue d&#8217;un arr\u00eat cardiaque. En effet apr\u00e8s un arr\u00eat cardiaque, chaque minute compte, et la mise en place le plus t\u00f4t possible de cette suite de gestes le plus rapidement possible permet d&#8217;augmenter au maximum les chances de survie de [&hellip;]<\/p>\n","protected":false},"author":323,"featured_media":0,"parent":0,"menu_order":0,"comment_status":"closed","ping_status":"closed","template":"","meta":{"footnotes":""},"_links":{"self":[{"href":"https:\/\/registreac.org\/index.php?rest_route=\/wp\/v2\/pages\/3472"}],"collection":[{"href":"https:\/\/registreac.org\/index.php?rest_route=\/wp\/v2\/pages"}],"about":[{"href":"https:\/\/registreac.org\/index.php?rest_route=\/wp\/v2\/types\/page"}],"author":[{"embeddable":true,"href":"https:\/\/registreac.org\/index.php?rest_route=\/wp\/v2\/users\/323"}],"replies":[{"embeddable":true,"href":"https:\/\/registreac.org\/index.php?rest_route=%2Fwp%2Fv2%2Fcomments&post=3472"}],"version-history":[{"count":18,"href":"https:\/\/registreac.org\/index.php?rest_route=\/wp\/v2\/pages\/3472\/revisions"}],"predecessor-version":[{"id":3836,"href":"https:\/\/registreac.org\/index.php?rest_route=\/wp\/v2\/pages\/3472\/revisions\/3836"}],"wp:attachment":[{"href":"https:\/\/registreac.org\/index.php?rest_route=%2Fwp%2Fv2%2Fmedia&parent=3472"}],"curies":[{"name":"wp","href":"https:\/\/api.w.org\/{rel}","templated":true}]}}